posite number?
False
Is 9228881 a prime number?
True
Is 1062839567 a composite number?
True
Is 303926093 prime?
True
Is 21595291 a prime number?
False
Is 2156718997 a prime number?
False
Is 19593633589 a prime number?
True
Is 27767542531 composite?
False
Is 73563437941 a prime number?
False
Is 285370859 prime?
False
Is 1089566867 composite?
False
Is 15585844733 a composite number?
False
Is 25610491003 composite?
False
Is 54626057467 prime?
False
Is 2276012967 composite?
True
Is 24571444091 a prime number?
False
Is 1204810339 a prime number?
True
Is 3393432193 composite?
False
Is 24096882451 a composite number?
True
Is 7267387909 prime?
True
Is 6738745271 a prime number?
False
Is 1340782087 a prime number?
False
Is 1839250453 a prime number?
False
Is 52695451657 prime?
True
Is 2019113021 a prime number?
False
Is 21535784791 composite?
True
Is 3176041961 composite?
False
Is 546936657 prime?
False
Is 202118684527 a prime number?
True
Is 506614187 a composite number?
False
Is 416897989 prime?
True
Is 45451836109 a composite number?
False
Is 5026695403 a prime number?
True
Is 23714118083 prime?
False
Is 33804248111 a prime number?
False
Is 326245045921 a prime number?
True
Is 14960609507 a prime number?
False
Is 1625250191 composite?
False
Is 8274961867 prime?
True
Is 4474186193 composite?
True
Is 6453196049 composite?
False
Is 3324425981 composite?
False
Is 59394217 a prime number?
False
Is 112262119 composite?
True
Is 3474941403 composite?
True
Is 1468970819 a composite number?
True
Is 37999207633 composite?
True
Is 124461529151 a composite number?
False
Is 204733619 prime?
False
Is 9954326779 prime?
True
Is 4444913509 a prime number?
False
Is 41031629339 a prime number?
True
Is 801191441 a composite number?
False
Is 565957551 prime?
False
Is 257832941 composite?
False
Is 94328777677 composite?
False
Is 105374783 a prime number?
False
Is 1162599407 a composite number?
False
Is 1416497071 a prime number?
False
Is 2279390374 prime?
False
Is 3302331521 prime?
True
Is 4463560333 a prime number?
True
Is 16806171059 prime?
True
Is 60661829 a composite number?
False
Is 46453819 prime?
False
Is 2628828557 prime?
True
Is 1034558351 a prime number?
True
Is 3454294341 composite?
True
Is 23732655119 a prime number?
False
Is 24802156523 composite?
True
Is 113590104247 a prime number?
False
Is 318243155 composite?
True
Is 79835911 prime?
False
Is 4978534007 a prime number?
True
Is 7791770809 prime?
True
Is 1306743553 a prime number?
True
Is 3610921 a composite number?
False
Is 33031893599 a prime number?
False
Is 18901758401 composite?
False
Is 136902837 a prime number?
False
Is 3872504359 a prime number?
False
Is 176278987 a composite number?
True
Is 1945799641 a composite number?
False
Is 385745285 composite?
True
Is 10381902577 a prime number?
True
Is 2736435263 a prime number?
True
Is 76829371 composite?
False
Is 610259017 prime?
True
Is 2412534757 a prime number?
False
Is 123641479 a prime number?
False
Is 162280482373 a composite number?
False
Is 5494592741 a prime number?
False
Is 11267690573 a prime number?
True
Is 40635301163 prime?
True
Is 2393608093 composite?
False
Is 368591515 composite?
True
Is 7092975742 a prime number?
False
Is 11474531 prime?
True
Is 1055433415 a prime number?
False
Is 84312667429 prime?
False
Is 803225363 composite?
False
Is 13665633455 composite?
True
Is 2537797 a composite number?
True
Is 519980743 prime?
True
Is 987770173 composite?
True
Is 6877940885 prime?
False
Is 27147397373 a composite number?
True
Is 426452383 a composite number?
True
Is 3695516761 a prime number?
False
Is 131938153 prime?
True
Is 1282914329 a prime number?
False
Is 787105811 prime?
False
Is 973701559 a prime number?
True
Is 4221400397 a prime number?
True
Is 11012720627 a composite number?
True
Is 453592219 a prime number?
False
Is 1429433293 prime?
False
Is 1850648639 a composite number?
True
Is 6619154747 a prime number?
True
Is 4762495091 a prime number?
False
Is 5566687339 prime?
False
Is 8861601829 a prime number?
True
Is 538200983 a prime number?
True
Is 6799035049 prime?
True
Is 455748647 composite?
True
Is 2145360443 composite?
True
Is 38473258741 a prime number?
True
Is 572976403 composite?
True
Is 90946691837 a composite number?
True
Is 9106979527 prime?
True
Is 586258117 prime?
False
Is 62539777 composite?
False
Is 1218118007 a composite number?
True
Is 8982978929 a composite number?
True
Is 44127280489 a composite number?
False
Is 6812833483 a composite number?
True
Is 39701369209 a composite number?
False
Is 4765182347 prime?
True
Is 43276531 prime?
True
Is 15531151609 a composite number?
False
Is 34428346913 a composite number?
True
Is 68743132331 composite?
True
Is 134815067509 a prime number?
False
Is 1894882481 a prime number?
True
Is 29370438989 composite?
False
Is 388534357 a prime number?
False
Is 7333336061 a prime number?
True
Is 88827290077 composite?
True
Is 1391393923 composite?
False
Is 11927375743 a composite number?
False
Is 28512836921 a prime number?
True
Is 10001699101 a prime number?
True
Is 468709447 a prime number?
False
Is 33441280633 a prime number?
True
Is 215354097331 composite?
True
Is 12955959139 a prime number?
False
Is 975758629 a composite number?
True
Is 304879957 prime?
True
Is 10263844301 a composite number?
False
Is 80333892703 composite?
True
Is 5473695023 a prime number?
False
Is 27614930071 prime?
True
Is 185121533 a prime number?
False
Is 9945405703 prime?
True
Is 74942639101 a composite number?
True
Is 4242543049 a prime number?
False
Is 254411661587 prime?
False
Is 18562660301 a prime number?
False
Is 977535317 a composite number?
True
Is 1465351793 prime?
True
Is 16926696719 a composite number?
False
Is 474652001 composite?
False
Is 1083712009 a composite number?
True
Is 3197917301 a prime number?
True
Is 2760587183 prime?
False
Is 759090179 composite?
False
Is 1820509157 composite?
True
Is 5449279861 a composite number?
False
Is 3687117923 a prime number?
True
Is 34151885981 a prime number?
True
Is 6773756351 composite?
True
Is 54768585731 composite?
False
Is 4695712937 prime?
True
Is 188027563 composite?
False
Is 30270791 a prime number?
False
Is 23516505361 composite?
True
Is 15997367 a composite number?
False
Is 151960019 a composite number?
False
Is 31599757141 composite?
False
Is 11484048839 a composite number?
True
Is 942558577 a composite number?
True
Is 1875685981 prime?
False
Is 288179651 a prime number?
True
Is 199222769 a composite number?
False
Is 1038012517 composite?
True
Is 10057924573 prime?
False
Is 68650205163 prime?
False
Is 239618323 a composite number?
True
Is 19230409109 composite?
False
Is 32089702209 a prime number?
False
Is 76877714819 composite?
True
Is 37596709543 prime?
True
Is 511691339 prime?
False
Is 1141199627 composite?
False
Is 5636156774 a composite number?
True
Is 2498221811 prime?
True
Is 1947682117 composite?
True
Is 700664473 composite?
True
Is 353409437 a prime number?
False
Is 3794972261 a prime number?
True
Is 19864468241 a composite number?
True
Is 9951628829 prime?
True
Is 25386660119 composite?
False
Is 507792973 a prime number?
True
Is 1439808673 composite?
True
Is 74328991 composite?
True
Is 19398631607 prime?
True
Is 5393683693 a prime number?
True
Is 27225874031 composite?
True
Is 5134863 a prime number?
False
Is 105268546573 a prime number?
True
Is 585190283 a composite number?
False
Is 878108783 composite?
True
Is 1073555099 a composite number?
False
Is 297565091 a prime number?
True
Is 267210869 a prime number?
False
Is 69550219 a composite number?
True
Is 2359522379 prime?
True
Is 140545880147 a composite number?
False
Is 465951559 composite?
True
Is 7707567011 prime?
False
Is 107904663479 a composite number?
False
Is 437903 a composite number?
True
Is 2019295021 a prime number?
True
Is 16935955847 prime?
True
Is 355550011 a prime number?
False
Is 12695527589 a prime number?
False
Is 4671360565 prime?
False
Is 57804967709 a prime number?
True
Is 16486575697 a composite number?
True
Is 489529949 composite?
True
Is 232680803 a prime number?
False
Is 1602657835 prime?
False
Is 435170251 a composite number?
False
Is 19212462238 composite?
True
Is 1989042983 a composite number?
False
Is 12162066143 a prime number?
False
Is 557446987 prime?
Tru